{"id":325,"date":"2024-08-30T07:00:03","date_gmt":"2024-08-30T07:00:03","guid":{"rendered":"https:\/\/demosites.io\/one-page\/?page_id=8"},"modified":"2025-09-25T07:47:46","modified_gmt":"2025-09-25T07:47:46","slug":"da528-homepage","status":"publish","type":"page","link":"https:\/\/www.visualsforyou.fi\/video\/","title":{"rendered":"Homepage"},"content":{"rendered":"\n<div class=\"wp-block-cover is-light animated fadeIn o-anim-hover wp-duotone-unset-1\" style=\"min-height:600px;aspect-ratio:unset;\"><video class=\"wp-block-cover__video-background intrinsic-ignore\" autoplay muted loop playsinline src=\"https:\/\/www.visualsforyou.fi\/video\/wp-content\/uploads\/2025\/09\/Intro2.mov\" style=\"object-position:50% 34%\" data-object-fit=\"cover\" data-object-position=\"50% 34%\"><\/video><span aria-hidden=\"true\" class=\"wp-block-cover__background has-background-dim-0 has-background-dim\" style=\"background-color:#FFF\"><\/span><div class=\"wp-block-cover__inner-container is-layout-constrained wp-block-cover-is-layout-constrained\">\n<p><\/p>\n<\/div><\/div>\n\n\n\n<div id=\"wp-block-themeisle-blocks-advanced-columns-35825447\" class=\"wp-block-themeisle-blocks-advanced-columns alignfull has-2-columns has-desktop-equal-layout has-tablet-equal-layout has-mobile-collapsedRows-layout has-vertical-center ticss-c00aadba\"><div class=\"wp-block-themeisle-blocks-advanced-columns-overlay\"><\/div><div class=\"innerblocks-wrap\">\n<div id=\"wp-block-themeisle-blocks-advanced-column-fedc9d47\" class=\"wp-block-themeisle-blocks-advanced-column\">\n<figure class=\"wp-block-video\"><video height=\"1920\" style=\"aspect-ratio: 1080 \/ 1920;\" width=\"1080\" controls loop src=\"https:\/\/www.visualsforyou.fi\/video\/wp-content\/uploads\/2025\/09\/P-ja-P-paras-teaser-TEKSTIT.mov\"><\/video><\/figure>\n<\/div>\n\n\n\n<div id=\"wp-block-themeisle-blocks-advanced-column-ed1b12ac\" class=\"wp-block-themeisle-blocks-advanced-column ticss-d80d53fb\">\n<p id=\"wp-block-themeisle-blocks-advanced-heading-746f35b4\" class=\"wp-block-themeisle-blocks-advanced-heading wp-block-themeisle-blocks-advanced-heading-746f35b4 ticss-746f35b4\"><strong>01<\/strong><\/p>\n\n\n\n<h2 id=\"wp-block-themeisle-blocks-advanced-heading-907f81bb\" class=\"wp-block-themeisle-blocks-advanced-heading wp-block-themeisle-blocks-advanced-heading-907f81bb\"><strong>&#8221;Stories move us more than facts ever will.&#8221; -Unknown<\/strong><\/h2>\n\n\n\n<p id=\"wp-block-themeisle-blocks-advanced-heading-248b54fb\" class=\"wp-block-themeisle-blocks-advanced-heading wp-block-themeisle-blocks-advanced-heading-248b54fb\"><br>Tarinoilla on voima koskettaa, liikuttaa ja j\u00e4\u00e4d\u00e4 mieleen tavalla, johon pelk\u00e4t faktat harvoin pystyv\u00e4t. Videotuotannossa t\u00e4m\u00e4 n\u00e4kyy siin\u00e4, ett\u00e4 kuvilla, \u00e4\u00e4nell\u00e4 ja rytmill\u00e4 rakennetaan kokonaisuus, joka vie katsojan mukaan tarinaan \u2013 her\u00e4tt\u00e4\u00e4 tunteita, luo samaistumispintaa ja tekee viestist\u00e4 el\u00e4v\u00e4n. Hyv\u00e4 video ei vain n\u00e4yt\u00e4 asioita, se saa ne tuntumaan.<\/p>\n\n\n\n<p><\/p>\n<\/div>\n<\/div><\/div>\n\n\n\n<div id=\"wp-block-themeisle-blocks-advanced-columns-43d47b92\" class=\"wp-block-themeisle-blocks-advanced-columns alignfull has-1-columns has-desktop-equal-layout has-tablet-equal-layout has-mobile-collapsedRows-layout has-vertical-center ticss-c00aadba\"><div class=\"wp-block-themeisle-blocks-advanced-columns-overlay\"><\/div><div class=\"innerblocks-wrap\">\n<div id=\"wp-block-themeisle-blocks-advanced-column-0621185b\" class=\"wp-block-themeisle-blocks-advanced-column\">\n<div id=\"wp-block-themeisle-blocks-advanced-columns-7857d071\" class=\"wp-block-themeisle-blocks-advanced-columns has-1-columns has-desktop-equal-layout has-tablet-equal-layout has-mobile-equal-layout has-vertical-center\"><div class=\"wp-block-themeisle-blocks-advanced-columns-overlay\"><\/div><div class=\"innerblocks-wrap\">\n<div id=\"wp-block-themeisle-blocks-advanced-column-ac338d0e\" class=\"wp-block-themeisle-blocks-advanced-column\">\n<h2 id=\"wp-block-themeisle-blocks-advanced-heading-d1c4c4ae\" class=\"wp-block-themeisle-blocks-advanced-heading wp-block-themeisle-blocks-advanced-heading-d1c4c4ae\"><br><br><strong>Tutustu Luovuuteeni<\/strong><\/h2>\n\n\n\n<div id=\"wp-block-themeisle-blocks-font-awesome-icons-cfe575bd\" class=\"wp-block-themeisle-blocks-font-awesome-icons\"><span class=\"wp-block-themeisle-blocks-font-awesome-icons-container\"><a href=\"https:\/\/youtu.be\/7Gnld08Urts\" target=\"_self\" rel=\"noopener noreferrer\"><svg xmlns=\"http:\/\/www.w3.org\/2000\/svg\" viewBox=\"0 0 1800 1800\"><path d=\"M1407.629,872.813L693.082,460.273c-9.711-5.604-21.674-5.604-31.385,0 c-9.712,5.609-15.693,15.968-15.693,27.182v631.583c0,17.33,14.051,31.385,31.385,31.385s31.385-14.055,31.385-31.385V541.814 l620.392,358.18l-555.918,320.967c-15.014,8.669-20.154,27.864-11.489,42.874c5.815,10.07,16.363,15.692,27.213,15.692 c5.324,0,10.719-1.357,15.662-4.203l602.995-348.148c9.711-5.609,15.692-15.969,15.692-27.182 C1423.321,888.781,1417.34,878.421,1407.629,872.813z\"><\/path><path d=\"M899.993,5.324c-493.322,0-894.67,401.352-894.67,894.679c0,493.322,401.348,894.674,894.67,894.674 c493.331,0,894.683-401.352,894.683-894.674C1794.676,406.676,1393.324,5.324,899.993,5.324z M899.993,1731.906 c-458.71,0-831.899-373.188-831.899-831.903S441.283,68.095,899.993,68.095c458.719,0,831.912,373.193,831.912,831.908 S1358.712,1731.906,899.993,1731.906z\"><\/path><\/svg><\/a><\/span><\/div>\n\n\n\n<p class=\"has-text-align-center has-text-color has-link-color wp-elements-5c1c2577f8ade5b50bf78a8fa1d2bd9b\" style=\"color:#ffffff\">Klikkaa videoon<\/p>\n<\/div>\n<\/div><\/div>\n<\/div>\n<\/div><\/div>\n\n\n\n<div id=\"wp-block-themeisle-blocks-advanced-columns-2ad7ba0a\" class=\"wp-block-themeisle-blocks-advanced-columns alignfull has-1-columns has-desktop-equal-layout has-tablet-equal-layout has-mobile-collapsedRows-layout has-vertical-center ticss-c00aadba\"><div class=\"wp-block-themeisle-blocks-advanced-columns-overlay\"><\/div><div class=\"innerblocks-wrap\">\n<div id=\"wp-block-themeisle-blocks-advanced-column-ead1ae28\" class=\"wp-block-themeisle-blocks-advanced-column\">\n<div id=\"wp-block-themeisle-blocks-advanced-columns-0227cef7\" class=\"wp-block-themeisle-blocks-advanced-columns has-1-columns has-desktop-equal-layout has-tablet-equal-layout has-mobile-equal-layout has-vertical-center\"><div class=\"wp-block-themeisle-blocks-advanced-columns-overlay\"><\/div><div class=\"innerblocks-wrap\">\n<div id=\"wp-block-themeisle-blocks-advanced-column-1866137f\" class=\"wp-block-themeisle-blocks-advanced-column\">\n<p id=\"wp-block-themeisle-blocks-advanced-heading-29c962f4\" class=\"wp-block-themeisle-blocks-advanced-heading wp-block-themeisle-blocks-advanced-heading-29c962f4 ticss-746f35b4\"><strong>0<\/strong>2<\/p>\n\n\n\n<h2 id=\"wp-block-themeisle-blocks-advanced-heading-52e9abfb\" class=\"wp-block-themeisle-blocks-advanced-heading wp-block-themeisle-blocks-advanced-heading-52e9abfb\">Portfolio<\/h2>\n\n\n\n<p><\/p>\n\n\n\n<p class=\"has-text-align-center\"><strong>\u201cInspiraatiota, tunnelmaa ja visuaalisuutta\u201d<\/strong><\/p>\n\n\n\n<div style=\"height:40px\" aria-hidden=\"true\" class=\"wp-block-spacer\"><\/div>\n\n\n\n<div class=\"wp-block-columns is-layout-flex wp-container-core-columns-is-layout-9d6595d7 wp-block-columns-is-layout-flex\">\n<div class=\"wp-block-column is-layout-flow wp-block-column-is-layout-flow\">\n<figure class=\"wp-block-video\"><video height=\"1920\" style=\"aspect-ratio: 1080 \/ 1920;\" width=\"1080\" controls src=\"https:\/\/www.visualsforyou.fi\/video\/wp-content\/uploads\/2025\/09\/Joni-3.4.mov\"><\/video><\/figure>\n<\/div>\n\n\n\n<div class=\"wp-block-column is-layout-flow wp-block-column-is-layout-flow\">\n<figure class=\"wp-block-video\"><video height=\"1920\" style=\"aspect-ratio: 1080 \/ 1920;\" width=\"1080\" controls src=\"https:\/\/www.visualsforyou.fi\/video\/wp-content\/uploads\/2025\/09\/Henrikki-Lapi-seinista-final-.mov\"><\/video><\/figure>\n<\/div>\n\n\n\n<div class=\"wp-block-column is-layout-flow wp-block-column-is-layout-flow\">\n<figure class=\"wp-block-video\"><video height=\"1920\" style=\"aspect-ratio: 1080 \/ 1920;\" width=\"1080\" controls src=\"https:\/\/www.visualsforyou.fi\/video\/wp-content\/uploads\/2025\/09\/ESME-Mietaa-Reels-versio-3.mov\"><\/video><\/figure>\n<\/div>\n<\/div>\n<\/div>\n<\/div><\/div>\n<\/div>\n<\/div><\/div>\n\n\n\n<div id=\"wp-block-themeisle-blocks-advanced-columns-1c7ec4f7\" class=\"wp-block-themeisle-blocks-advanced-columns alignfull has-1-columns has-desktop-equal-layout has-tablet-equal-layout has-mobile-collapsedRows-layout has-vertical-center ticss-c00aadba has-light-bg\"><div class=\"wp-block-themeisle-blocks-advanced-columns-overlay\"><\/div><div class=\"innerblocks-wrap\">\n<div id=\"wp-block-themeisle-blocks-advanced-column-39450da2\" class=\"wp-block-themeisle-blocks-advanced-column\">\n<div id=\"wp-block-themeisle-blocks-advanced-columns-622ceb68\" class=\"wp-block-themeisle-blocks-advanced-columns has-1-columns has-desktop-equal-layout has-tablet-equal-layout has-mobile-equal-layout has-vertical-center\"><div class=\"wp-block-themeisle-blocks-advanced-columns-overlay\"><\/div><div class=\"innerblocks-wrap\">\n<div id=\"wp-block-themeisle-blocks-advanced-column-054d678f\" class=\"wp-block-themeisle-blocks-advanced-column\">\n<p id=\"wp-block-themeisle-blocks-advanced-heading-fa421729\" class=\"wp-block-themeisle-blocks-advanced-heading wp-block-themeisle-blocks-advanced-heading-fa421729 ticss-746f35b4\"><strong>05<\/strong><\/p>\n\n\n\n<h2 id=\"wp-block-themeisle-blocks-advanced-heading-d058406f\" class=\"wp-block-themeisle-blocks-advanced-heading wp-block-themeisle-blocks-advanced-heading-d058406f\"><strong>Liike, tunne ja tarina \u2013 kuvat her\u00e4\u00e4v\u00e4t eloon<\/strong><\/h2>\n\n\n\n<p class=\"has-text-align-center\"><\/p>\n<\/div>\n<\/div><\/div>\n\n\n\n<div id=\"wp-block-themeisle-blocks-advanced-columns-473b53a1\" class=\"wp-block-themeisle-blocks-advanced-columns has-2-columns has-desktop-equal-layout has-tablet-equal-layout has-mobile-collapsedRows-layout has-vertical-top\"><div class=\"wp-block-themeisle-blocks-advanced-columns-overlay\"><\/div><div class=\"innerblocks-wrap\">\n<div id=\"wp-block-themeisle-blocks-advanced-column-0d3b6e3a\" class=\"wp-block-themeisle-blocks-advanced-column has-light-bg animated fadeInLeft ticss-0d3b6e3a\">\n<p><strong>01<\/strong><\/p>\n\n\n\n<h2 id=\"wp-block-themeisle-blocks-advanced-heading-88e00e19\" class=\"wp-block-themeisle-blocks-advanced-heading wp-block-themeisle-blocks-advanced-heading-88e00e19\">Kun kuva ei riit\u00e4<\/h2>\n\n\n\n<p id=\"wp-block-themeisle-blocks-advanced-heading-96ed25c6\" class=\"wp-block-themeisle-blocks-advanced-heading wp-block-themeisle-blocks-advanced-heading-96ed25c6\">On hetki\u00e4, jolloin pelkk\u00e4 valokuva pys\u00e4ytt\u00e4\u00e4 \u2013 mutta ei kerro kaikkea. Videolla voidaan v\u00e4litt\u00e4\u00e4 liike, \u00e4\u00e4ni ja tunnelma, jotka viev\u00e4t katsojan voimakkaammin syvemm\u00e4lle hetkeen.<\/p>\n<\/div>\n\n\n\n<div id=\"wp-block-themeisle-blocks-advanced-column-afaa24b5\" class=\"wp-block-themeisle-blocks-advanced-column ticss-afaa24b5\">\n<figure class=\"wp-block-image size-full ticss-2dee8c13\"><img data-opt-id=2061303743  fetchpriority=\"high\" decoding=\"async\" width=\"2203\" height=\"2560\" src=\"https:\/\/mlfm9vsvbqls.i.optimole.com\/w:auto\/h:auto\/q:mauto\/ig:avif\/https:\/\/www.visualsforyou.fi\/video\/wp-content\/uploads\/2025\/09\/Haa-scaled.jpg\" alt=\"\" class=\"wp-image-613\" style=\"aspect-ratio:1;object-fit:cover\" srcset=\"https:\/\/mlfm9vsvbqls.i.optimole.com\/w:929\/h:1080\/q:mauto\/ig:avif\/https:\/\/www.visualsforyou.fi\/video\/wp-content\/uploads\/2025\/09\/Haa-scaled.jpg 2203w, https:\/\/mlfm9vsvbqls.i.optimole.com\/w:258\/h:300\/q:mauto\/ig:avif\/https:\/\/www.visualsforyou.fi\/video\/wp-content\/uploads\/2025\/09\/Haa-scaled.jpg 258w, https:\/\/mlfm9vsvbqls.i.optimole.com\/w:881\/h:1024\/q:mauto\/ig:avif\/https:\/\/www.visualsforyou.fi\/video\/wp-content\/uploads\/2025\/09\/Haa-scaled.jpg 881w, https:\/\/mlfm9vsvbqls.i.optimole.com\/w:768\/h:893\/q:mauto\/ig:avif\/https:\/\/www.visualsforyou.fi\/video\/wp-content\/uploads\/2025\/09\/Haa-scaled.jpg 768w, https:\/\/mlfm9vsvbqls.i.optimole.com\/w:929\/h:1080\/q:mauto\/ig:avif\/https:\/\/www.visualsforyou.fi\/video\/wp-content\/uploads\/2025\/09\/Haa-scaled.jpg 1322w, https:\/\/mlfm9vsvbqls.i.optimole.com\/w:929\/h:1080\/q:mauto\/ig:avif\/https:\/\/www.visualsforyou.fi\/video\/wp-content\/uploads\/2025\/09\/Haa-scaled.jpg 1762w\" sizes=\"(max-width: 1200px) 100vw, 1200px\" \/><\/figure>\n<\/div>\n<\/div><\/div>\n\n\n\n<div id=\"wp-block-themeisle-blocks-advanced-columns-89ee6599\" class=\"wp-block-themeisle-blocks-advanced-columns has-2-columns has-desktop-equal-layout has-tablet-equal-layout has-mobile-collapsedRows-layout has-vertical-top\"><div class=\"wp-block-themeisle-blocks-advanced-columns-overlay\"><\/div><div class=\"innerblocks-wrap\">\n<div id=\"wp-block-themeisle-blocks-advanced-column-2712e9a1\" class=\"wp-block-themeisle-blocks-advanced-column ticss-afaa24b5\">\n<figure class=\"wp-block-image size-full ticss-2dee8c13\"><img data-opt-id=99544  fetchpriority=\"high\" decoding=\"async\" width=\"2560\" height=\"2163\" src=\"https:\/\/mlfm9vsvbqls.i.optimole.com\/w:auto\/h:auto\/q:mauto\/ig:avif\/https:\/\/www.visualsforyou.fi\/video\/wp-content\/uploads\/2025\/09\/R7V09450-scaled.jpg\" alt=\"\" class=\"wp-image-618\" style=\"aspect-ratio:1;object-fit:cover\" srcset=\"https:\/\/mlfm9vsvbqls.i.optimole.com\/w:1278\/h:1080\/q:mauto\/ig:avif\/https:\/\/www.visualsforyou.fi\/video\/wp-content\/uploads\/2025\/09\/R7V09450-scaled.jpg 2560w, https:\/\/mlfm9vsvbqls.i.optimole.com\/w:300\/h:253\/q:mauto\/ig:avif\/https:\/\/www.visualsforyou.fi\/video\/wp-content\/uploads\/2025\/09\/R7V09450-scaled.jpg 300w, https:\/\/mlfm9vsvbqls.i.optimole.com\/w:1024\/h:865\/q:mauto\/ig:avif\/https:\/\/www.visualsforyou.fi\/video\/wp-content\/uploads\/2025\/09\/R7V09450-scaled.jpg 1024w, https:\/\/mlfm9vsvbqls.i.optimole.com\/w:768\/h:649\/q:mauto\/ig:avif\/https:\/\/www.visualsforyou.fi\/video\/wp-content\/uploads\/2025\/09\/R7V09450-scaled.jpg 768w, https:\/\/mlfm9vsvbqls.i.optimole.com\/w:1278\/h:1080\/q:mauto\/ig:avif\/https:\/\/www.visualsforyou.fi\/video\/wp-content\/uploads\/2025\/09\/R7V09450-scaled.jpg 1536w, https:\/\/mlfm9vsvbqls.i.optimole.com\/w:1278\/h:1080\/q:mauto\/ig:avif\/https:\/\/www.visualsforyou.fi\/video\/wp-content\/uploads\/2025\/09\/R7V09450-scaled.jpg 2048w\" sizes=\"(max-width: 1200px) 100vw, 1200px\" \/><\/figure>\n<\/div>\n\n\n\n<div id=\"wp-block-themeisle-blocks-advanced-column-195a6a01\" class=\"wp-block-themeisle-blocks-advanced-column has-light-bg animated fadeInRight ticss-0d3b6e3a\">\n<p><strong>02<\/strong><\/p>\n\n\n\n<h2 id=\"wp-block-themeisle-blocks-advanced-heading-6e2bc466\" class=\"wp-block-themeisle-blocks-advanced-heading wp-block-themeisle-blocks-advanced-heading-6e2bc466\"><br><br><strong>Tarinan voima<\/strong><\/h2>\n\n\n\n<p id=\"wp-block-themeisle-blocks-advanced-heading-1d629fc6\" class=\"wp-block-themeisle-blocks-advanced-heading wp-block-themeisle-blocks-advanced-heading-1d629fc6\">Hyv\u00e4 tarina koskettaa ja j\u00e4tt\u00e4\u00e4 j\u00e4ljen. Videon kautta tarina saa syvyytt\u00e4 ja ulottuvuuksia, jotka tekev\u00e4t viestist\u00e4 unohtumattoman.<\/p>\n<\/div>\n<\/div><\/div>\n\n\n\n<div id=\"wp-block-themeisle-blocks-advanced-columns-0246b59c\" class=\"wp-block-themeisle-blocks-advanced-columns has-2-columns has-desktop-equal-layout has-tablet-equal-layout has-mobile-collapsedRows-layout has-vertical-top\"><div class=\"wp-block-themeisle-blocks-advanced-columns-overlay\"><\/div><div class=\"innerblocks-wrap\">\n<div id=\"wp-block-themeisle-blocks-advanced-column-289c9699\" class=\"wp-block-themeisle-blocks-advanced-column has-light-bg animated fadeInLeft ticss-0d3b6e3a\">\n<p><strong>03<\/strong><\/p>\n\n\n\n<h2 id=\"wp-block-themeisle-blocks-advanced-heading-1feaefb4\" class=\"wp-block-themeisle-blocks-advanced-heading wp-block-themeisle-blocks-advanced-heading-1feaefb4\"><br><br><strong>Visuaalisesti \u00e4llistytt\u00e4v\u00e4t kohtaukset<\/strong><\/h2>\n\n\n\n<p id=\"wp-block-themeisle-blocks-advanced-heading-5a6c2029\" class=\"wp-block-themeisle-blocks-advanced-heading wp-block-themeisle-blocks-advanced-heading-5a6c2029\">Oikea kuvakulma, valo ja liike luovat hetki\u00e4, jotka h\u00e4mm\u00e4stytt\u00e4v\u00e4t ja vangitsevat katsojan huomion. Visuaalisuus ei ole sattumaa \u2013 se on tarkkaan suunniteltua taidetta viimeist\u00e4\u00e4n leikkauksessa.<\/p>\n<\/div>\n\n\n\n<div id=\"wp-block-themeisle-blocks-advanced-column-61fcdde6\" class=\"wp-block-themeisle-blocks-advanced-column ticss-afaa24b5\">\n<figure class=\"wp-block-image size-full ticss-2dee8c13\"><img data-opt-id=597908260  data-opt-src=\"https:\/\/mlfm9vsvbqls.i.optimole.com\/w:auto\/h:auto\/q:mauto\/ig:avif\/https:\/\/www.visualsforyou.fi\/video\/wp-content\/uploads\/2025\/09\/R7V09422-scaled.jpg\"  decoding=\"async\" width=\"2560\" height=\"1707\" src=\"data:image/svg+xml,%3Csvg%20viewBox%3D%220%200%20100%%20100%%22%20width%3D%22100%%22%20height%3D%22100%%22%20xmlns%3D%22http%3A%2F%2Fwww.w3.org%2F2000%2Fsvg%22%3E%3Crect%20width%3D%22100%%22%20height%3D%22100%%22%20fill%3D%22transparent%22%2F%3E%3C%2Fsvg%3E\" alt=\"\" class=\"wp-image-619\" style=\"aspect-ratio:1;object-fit:cover\" old-srcset=\"https:\/\/mlfm9vsvbqls.i.optimole.com\/w:1619\/h:1080\/q:mauto\/ig:avif\/https:\/\/www.visualsforyou.fi\/video\/wp-content\/uploads\/2025\/09\/R7V09422-scaled.jpg 2560w, https:\/\/mlfm9vsvbqls.i.optimole.com\/w:300\/h:200\/q:mauto\/ig:avif\/https:\/\/www.visualsforyou.fi\/video\/wp-content\/uploads\/2025\/09\/R7V09422-scaled.jpg 300w, https:\/\/mlfm9vsvbqls.i.optimole.com\/w:1024\/h:683\/q:mauto\/ig:avif\/https:\/\/www.visualsforyou.fi\/video\/wp-content\/uploads\/2025\/09\/R7V09422-scaled.jpg 1024w, https:\/\/mlfm9vsvbqls.i.optimole.com\/w:768\/h:512\/q:mauto\/ig:avif\/https:\/\/www.visualsforyou.fi\/video\/wp-content\/uploads\/2025\/09\/R7V09422-scaled.jpg 768w, https:\/\/mlfm9vsvbqls.i.optimole.com\/w:1536\/h:1024\/q:mauto\/ig:avif\/https:\/\/www.visualsforyou.fi\/video\/wp-content\/uploads\/2025\/09\/R7V09422-scaled.jpg 1536w, https:\/\/mlfm9vsvbqls.i.optimole.com\/w:1620\/h:1080\/q:mauto\/ig:avif\/https:\/\/www.visualsforyou.fi\/video\/wp-content\/uploads\/2025\/09\/R7V09422-scaled.jpg 2048w, https:\/\/mlfm9vsvbqls.i.optimole.com\/w:930\/h:620\/q:mauto\/ig:avif\/https:\/\/www.visualsforyou.fi\/video\/wp-content\/uploads\/2025\/09\/R7V09422-scaled.jpg 930w\" \/><\/figure>\n<\/div>\n<\/div><\/div>\n\n\n\n<div id=\"wp-block-themeisle-blocks-advanced-columns-8b48261a\" class=\"wp-block-themeisle-blocks-advanced-columns has-2-columns has-desktop-equal-layout has-tablet-equal-layout has-mobile-collapsedRows-layout has-vertical-top\"><div class=\"wp-block-themeisle-blocks-advanced-columns-overlay\"><\/div><div class=\"innerblocks-wrap\">\n<div id=\"wp-block-themeisle-blocks-advanced-column-7d9ab913\" class=\"wp-block-themeisle-blocks-advanced-column ticss-afaa24b5\">\n<figure class=\"wp-block-image size-full ticss-002b2ef9\"><img data-opt-id=1268055189  data-opt-src=\"https:\/\/mlfm9vsvbqls.i.optimole.com\/w:auto\/h:auto\/q:mauto\/ig:avif\/https:\/\/www.visualsforyou.fi\/video\/wp-content\/uploads\/2025\/09\/A7R9132-scaled.jpg\"  decoding=\"async\" width=\"1708\" height=\"2560\" src=\"data:image/svg+xml,%3Csvg%20viewBox%3D%220%200%20100%%20100%%22%20width%3D%22100%%22%20height%3D%22100%%22%20xmlns%3D%22http%3A%2F%2Fwww.w3.org%2F2000%2Fsvg%22%3E%3Crect%20width%3D%22100%%22%20height%3D%22100%%22%20fill%3D%22transparent%22%2F%3E%3C%2Fsvg%3E\" alt=\"\" class=\"wp-image-621\" style=\"aspect-ratio:1;object-fit:cover\" old-srcset=\"https:\/\/mlfm9vsvbqls.i.optimole.com\/w:720\/h:1080\/q:mauto\/ig:avif\/https:\/\/www.visualsforyou.fi\/video\/wp-content\/uploads\/2025\/09\/A7R9132-scaled.jpg 1708w, https:\/\/mlfm9vsvbqls.i.optimole.com\/w:200\/h:300\/q:mauto\/ig:avif\/https:\/\/www.visualsforyou.fi\/video\/wp-content\/uploads\/2025\/09\/A7R9132-scaled.jpg 200w, https:\/\/mlfm9vsvbqls.i.optimole.com\/w:683\/h:1024\/q:mauto\/ig:avif\/https:\/\/www.visualsforyou.fi\/video\/wp-content\/uploads\/2025\/09\/A7R9132-scaled.jpg 683w, https:\/\/mlfm9vsvbqls.i.optimole.com\/w:720\/h:1080\/q:mauto\/ig:avif\/https:\/\/www.visualsforyou.fi\/video\/wp-content\/uploads\/2025\/09\/A7R9132-scaled.jpg 768w, https:\/\/mlfm9vsvbqls.i.optimole.com\/w:720\/h:1080\/q:mauto\/ig:avif\/https:\/\/www.visualsforyou.fi\/video\/wp-content\/uploads\/2025\/09\/A7R9132-scaled.jpg 1025w, https:\/\/mlfm9vsvbqls.i.optimole.com\/w:720\/h:1080\/q:mauto\/ig:avif\/https:\/\/www.visualsforyou.fi\/video\/wp-content\/uploads\/2025\/09\/A7R9132-scaled.jpg 1366w\" \/><\/figure>\n<\/div>\n\n\n\n<div id=\"wp-block-themeisle-blocks-advanced-column-8ac702b6\" class=\"wp-block-themeisle-blocks-advanced-column has-light-bg animated fadeInRight ticss-0d3b6e3a\">\n<p><strong>04<\/strong><\/p>\n\n\n\n<h2 id=\"wp-block-themeisle-blocks-advanced-heading-10d1032a\" class=\"wp-block-themeisle-blocks-advanced-heading wp-block-themeisle-blocks-advanced-heading-10d1032a\"><br><br><strong>Kaikki elementit yhteen<\/strong><\/h2>\n\n\n\n<p id=\"wp-block-themeisle-blocks-advanced-heading-081f4999\" class=\"wp-block-themeisle-blocks-advanced-heading wp-block-themeisle-blocks-advanced-heading-081f4999\">Kun kuva, \u00e4\u00e4ni ja tarina yhdistyv\u00e4t, syntyy kokonaisuus, joka el\u00e4\u00e4 katsojan mieless\u00e4 viel\u00e4 pitk\u00e4\u00e4n. Lopputulos ei ole vain video \u2013 se on kokemus.<\/p>\n<\/div>\n<\/div><\/div>\n<\/div>\n<\/div><\/div>\n\n\n\n<div id=\"wp-block-themeisle-blocks-advanced-columns-4d004e0c\" class=\"wp-block-themeisle-blocks-advanced-columns alignfull has-1-columns has-desktop-equal-layout has-tablet-equal-layout has-mobile-collapsedRows-layout has-vertical-center ticss-c00aadba has-light-bg\"><div class=\"wp-block-themeisle-blocks-advanced-columns-overlay\"><\/div><div class=\"innerblocks-wrap\">\n<div id=\"wp-block-themeisle-blocks-advanced-column-88f12e54\" class=\"wp-block-themeisle-blocks-advanced-column\">\n<div id=\"wp-block-themeisle-blocks-advanced-columns-0b686d0c\" class=\"wp-block-themeisle-blocks-advanced-columns has-1-columns has-desktop-equal-layout has-tablet-equal-layout has-mobile-equal-layout has-vertical-center\"><div class=\"wp-block-themeisle-blocks-advanced-columns-overlay\"><\/div><div class=\"innerblocks-wrap\">\n<div id=\"wp-block-themeisle-blocks-advanced-column-6840d12e\" class=\"wp-block-themeisle-blocks-advanced-column\">\n<p id=\"wp-block-themeisle-blocks-advanced-heading-2aff8415\" class=\"wp-block-themeisle-blocks-advanced-heading wp-block-themeisle-blocks-advanced-heading-2aff8415 ticss-746f35b4\"><strong>0<\/strong>3<\/p>\n\n\n\n<h2 id=\"wp-block-themeisle-blocks-advanced-heading-47bc0794\" class=\"wp-block-themeisle-blocks-advanced-heading wp-block-themeisle-blocks-advanced-heading-47bc0794\">Video Blog<\/h2>\n\n\n\n<p class=\"has-text-align-center\"><br><strong>\u201cUutisia, behind the scenes -materiaalia ja kurkistus videotuotannon maailmaan.\u201d<\/strong><\/p>\n<\/div>\n<\/div><\/div>\n\n\n\n<div id=\"wp-block-themeisle-blocks-advanced-columns-cf9a93cd\" class=\"wp-block-themeisle-blocks-advanced-columns has-1-columns has-desktop-equal-layout has-tablet-equal-layout has-mobile-collapsedRows-layout has-vertical-top\"><div class=\"wp-block-themeisle-blocks-advanced-columns-overlay\"><\/div><div class=\"innerblocks-wrap\">\n<div id=\"wp-block-themeisle-blocks-advanced-column-4cfd0a1d\" class=\"wp-block-themeisle-blocks-advanced-column\"><div class=\"is-style-tiled wp-block-themeisle-blocks-posts-grid\" id=\"wp-block-themeisle-blocks-posts-grid-0c91fe96\"><div class=\"is-grid o-posts-grid-columns-3\"><div class=\"o-posts-grid-post-blog o-posts-grid-post-plain\" style=\"background-image: url(https:\/\/mlfm9vsvbqls.i.optimole.com\/w:auto\/h:auto\/q:mauto\/ig:avif\/https:\/\/www.visualsforyou.fi\/video\/wp-content\/uploads\/2025\/09\/A7R4006.jpg); background-size: cover; background-position: center center;\"><div class=\"o-posts-grid-post\"><div class=\"o-posts-grid-post-body\"><span class=\"o-posts-grid-post-category\"><a href=\"https:\/\/www.visualsforyou.fi\/video\/?cat=5\">Uutiset<\/a><\/span><h4 class=\"o-posts-grid-post-title\"><a href=\"https:\/\/www.visualsforyou.fi\/video\/?p=1\">Tulossa!<\/a><\/h4><div class=\"o-posts-grid-post-description\"><p>Olen kokoamassa sivulle blogia ja esimerkkej\u00e4 videotuotannoista. Pian l\u00f6yd\u00e4t t\u00e4\u00e4lt\u00e4 case-videoita, behind the scenes -ma\u2026<\/p><\/div><\/div><\/div><\/div><\/div> <\/div><\/div>\n<\/div><\/div>\n<\/div>\n<\/div><\/div>\n","protected":false},"excerpt":{"rendered":"","protected":false},"author":1,"featured_media":0,"parent":0,"menu_order":0,"comment_status":"closed","ping_status":"closed","template":"","meta":{"neve_meta_sidebar":"full-width","neve_meta_container":"full-width","neve_meta_enable_content_width":"on","neve_meta_content_width":100,"neve_meta_title_alignment":"center","neve_meta_author_avatar":"","neve_post_elements_order":"","neve_meta_disable_header":"","neve_meta_disable_footer":"","neve_meta_disable_title":"on","_themeisle_gutenberg_block_has_review":false,"footnotes":""},"class_list":["post-325","page","type-page","status-publish","hentry"],"_links":{"self":[{"href":"https:\/\/www.visualsforyou.fi\/video\/index.php?rest_route=\/wp\/v2\/pages\/325","targetHints":{"allow":["GET"]}}],"collection":[{"href":"https:\/\/www.visualsforyou.fi\/video\/index.php?rest_route=\/wp\/v2\/pages"}],"about":[{"href":"https:\/\/www.visualsforyou.fi\/video\/index.php?rest_route=\/wp\/v2\/types\/page"}],"author":[{"embeddable":true,"href":"https:\/\/www.visualsforyou.fi\/video\/index.php?rest_route=\/wp\/v2\/users\/1"}],"replies":[{"embeddable":true,"href":"https:\/\/www.visualsforyou.fi\/video\/index.php?rest_route=%2Fwp%2Fv2%2Fcomments&post=325"}],"version-history":[{"count":70,"href":"https:\/\/www.visualsforyou.fi\/video\/index.php?rest_route=\/wp\/v2\/pages\/325\/revisions"}],"predecessor-version":[{"id":656,"href":"https:\/\/www.visualsforyou.fi\/video\/index.php?rest_route=\/wp\/v2\/pages\/325\/revisions\/656"}],"wp:attachment":[{"href":"https:\/\/www.visualsforyou.fi\/video\/index.php?rest_route=%2Fwp%2Fv2%2Fmedia&parent=325"}],"curies":[{"name":"wp","href":"https:\/\/api.w.org\/{rel}","templated":true}]}}